18883097 prime?
False
Is 14207465 prime?
False
Is 83426659 prime?
False
Is 220307081 a composite number?
True
Is 292848961 prime?
True
Is 1010693 prime?
False
Is 3700457 a prime number?
True
Is 635809 composite?
False
Is 24203051 a prime number?
False
Is 1184351057 prime?
True
Is 30691819 composite?
False
Is 294713 composite?
True
Is 4845707 a prime number?
True
Is 137755843 prime?
True
Is 227879357 a prime number?
False
Is 20318161 prime?
True
Is 70578499 composite?
True
Is 7980041 a composite number?
False
Is 12959809 a composite number?
False
Is 30149783 a prime number?
False
Is 138815771 prime?
True
Is 244163317 prime?
True
Is 52019363 composite?
True
Is 67350659 composite?
True
Is 5785053 prime?
False
Is 8921291 a composite number?
True
Is 12573163 a composite number?
False
Is 63885991 a composite number?
True
Is 8888051 composite?
True
Is 24906097 prime?
False
Is 982873 prime?
False
Is 111721157 prime?
False
Is 14874383 a prime number?
True
Is 2228893 prime?
True
Is 6342487 a prime number?
True
Is 111391663 prime?
True
Is 37548097 a prime number?
True
Is 28667419 a prime number?
False
Is 11052803 composite?
True
Is 14387333 prime?
True
Is 57950791 a composite number?
False
Is 9561847 composite?
False
Is 7295647 a prime number?
True
Is 69699817 prime?
False
Is 50784911 a prime number?
False
Is 17159815 prime?
False
Is 6372617 prime?
True
Is 15253729 a prime number?
True
Is 3078391 composite?
False
Is 9635357 a composite number?
False
Is 2415593 a prime number?
True
Is 4204799 composite?
False
Is 5274379 a composite number?
True
Is 4028645 composite?
True
Is 3896887 composite?
False
Is 6505483 composite?
True
Is 14770121 a composite number?
False
Is 3754471 a composite number?
True
Is 8563829 composite?
True
Is 243041 a prime number?
False
Is 3755791 composite?
True
Is 51339923 prime?
True
Is 186099767 composite?
True
Is 487976117 a prime number?
True
Is 1894649 a prime number?
False
Is 1731971 composite?
False
Is 145802534 composite?
True
Is 7949359 a composite number?
True
Is 27657703 a composite number?
False
Is 2537455 a prime number?
False
Is 632699 prime?
True
Is 30291181 a composite number?
False
Is 1891711 a prime number?
True
Is 3962303 prime?
True
Is 131586631 composite?
True
Is 156748237 prime?
True
Is 2558161 prime?
False
Is 159066371 composite?
True
Is 2406661 prime?
True
Is 12059347 prime?
True
Is 855419 a prime number?
True
Is 3752887 prime?
False
Is 4264001 a prime number?
False
Is 5932279 composite?
False
Is 5438753 composite?
False
Is 13424473 a prime number?
True
Is 570889127 a prime number?
False
Is 26168203 composite?
False
Is 34422701 a composite number?
False
Is 18311897 composite?
True
Is 31810799 composite?
False
Is 23801321 composite?
False
Is 2357573 composite?
False
Is 836869 prime?
False
Is 19525481 a prime number?
True
Is 373786037 a composite number?
False
Is 8011079 a composite number?
True
Is 10706093 prime?
True
Is 8561747 prime?
False
Is 228952393 composite?
True
Is 9277069 composite?
False
Is 90211777 a prime number?
False
Is 84120481 prime?
False
Is 143837 prime?
False
Is 546521 a prime number?
False
Is 44467243 a composite number?
True
Is 70779938 a composite number?
True
Is 157504447 a composite number?
True
Is 12093227 prime?
True
Is 133524481 composite?
False
Is 13063595 a composite number?
True
Is 68812823 composite?
False
Is 45813773 a prime number?
False
Is 3314209 a composite number?
True
Is 1959229 a prime number?
False
Is 280289 composite?
True
Is 6223933 composite?
False
Is 139149343 a prime number?
False
Is 259201153 a composite number?
True
Is 314109233 a prime number?
True
Is 3164807 prime?
True
Is 1784053 a prime number?
True
Is 1370377 a composite number?
False
Is 321969265 a composite number?
True
Is 129415865 a prime number?
False
Is 12562327 prime?
True
Is 659422 a composite number?
True
Is 39062513 a composite number?
True
Is 4225691 prime?
True
Is 33001219 a prime number?
True
Is 18758507 a composite number?
False
Is 2461934 composite?
True
Is 105482827 a composite number?
True
Is 771281 a composite number?
True
Is 55129 a composite number?
True
Is 133181863 a prime number?
False
Is 51123599 composite?
False
Is 68472763 a composite number?
False
Is 308761 a composite number?
False
Is 87179 prime?
True
Is 15339889 a prime number?
True
Is 20785465 a composite number?
True
Is 5569953 composite?
True
Is 31850189 a prime number?
False
Is 462589 a prime number?
True
Is 16640119 prime?
True
Is 9306497 a composite number?
True
Is 485699 prime?
False
Is 2386751 a composite number?
True
Is 1080049 composite?
False
Is 12253567 a prime number?
False
Is 20713773 a prime number?
False
Is 23836067 a composite number?
False
Is 6437201 composite?
False
Is 1304357 a prime number?
True
Is 2966443 a composite number?
True
Is 36950497 a prime number?
False
Is 153904369 a composite number?
False
Is 147060671 a composite number?
False
Is 2902001 a composite number?
True
Is 107515427 a prime number?
True
Is 2417563 a composite number?
True
Is 52379539 composite?
True
Is 17175289 a composite number?
True
Is 48155483 a composite number?
False
Is 11367374 a composite number?
True
Is 3098647 composite?
False
Is 229886723 composite?
True
Is 14592685 composite?
True
Is 22013 a prime number?
True
Is 10391105 a composite number?
True
Is 75057689 a prime number?
False
Is 1726079 a composite number?
False
Is 8099921 a composite number?
False
Is 126961 prime?
True
Is 21104761 a prime number?
False
Is 367322 a prime number?
False
Is 21344623 composite?
False
Is 85263443 prime?
True
Is 1722307 composite?
False
Is 11682809 a prime number?
True
Is 12663569 prime?
True
Is 693754 a prime number?
False
Is 47274679 a prime number?
False
Is 17033141 a prime number?
True
Is 23527865 prime?
False
Is 2145937 prime?
True
Is 5503643 composite?
True
Is 421003 a prime number?
False
Is 713227 prime?
True
Is 3965963 a composite number?
False
Is 21625663 a composite number?
True
Is 2307071 a prime number?
False
Is 73395929 prime?
False
Is 2424413 composite?
True
Is 8173351 composite?
False
Is 13067491 a prime number?
True
Is 672719 prime?
False
Is 136068571 prime?
True
Is 1217809 composite?
False
Is 102661529 a composite number?
False
Is 65387629 composite?
False
Is 796657 composite?
False
Is 1815427 prime?
True
Is 1388999 a prime number?
False
Is 371711 composite?
True
Is 11023333 a prime number?
False
Is 36433 a prime number?
True
Is 7221603 prime?
False
Is 746891 a composite number?
False
Is 1239229 a prime number?
True
Is 30802231 a composite number?
True
Is 47641199 a composite number?
False
Is 51211561 a prime number?
False
Is 36231107 a prime number?
False
Is 2910989 a composite number?
True
Is 8968529 composite?
True
Is 2911291 prime?
True
Is 1286327 prime?
False
Is 148361 prime?
True
Is 7969019 a composite number?
False
Is 2740087 a composite number?
True
Is 17895497 composite?
True
Is 95311 prime?
True
Is 44612507 a composite number?
False
Is 20018069 a composite number?
False
Is 100978169 prime?
True
Is 68931001 a prime number?
True
Is 233295551 prime?
False
Is 173462437 prime?
True
Is 221936698 a composite number?
True
Is 92853241 prime?
False
Is 736772051 prime?
True
Is 121591891 a composite number?
True
Is 5446531 a composite number?
False
Is 9586867 composite?
True
Is 163291391 prime?
True
Is 387668569 a prime number?
True
Is 90775387 prime?
True
Is 55787054 prime?
False
Is 44942113 a composite number?
True
Is 342985 a composite number?
True
Is 17471 prime?
True
Is 30420613 prime?
False
Is 1613471 composite?
False
Is 967019 prime?
True
Is 57654049 prime?
True
Is 8661611 a prime number?
False
Is 7395007 prime?
True
Is 2646199 prime?
False
Is 22325647 a composite number?
False
Is 73181677 prime?
True
Is 14688082 a prime number?
False
Is 247028191 composite?
True
Is 61522891 a composite number?
True
Is 24588893 prime?
False
Is 21743333 composite?
True
Is 2153687 prime?
False
Is 4850059 a composite number?
False
Is 344951 a prime number?
False
Is 31463681 prime?
True
Is 83410333 prime?
False
Is 1896407 composite?
False
Is 76032071 composite?
False
Is 60300649 prime?
False
Is 706487 prime?
True
Is 80649242 prime?
False
Is 15081707 a composite number?
False
Is 192709 prime?
False
Is 926327 composite?
False
Is 20535169 a c